{"id":18,"date":"2023-11-11T22:15:07","date_gmt":"2023-11-11T22:15:07","guid":{"rendered":"https:\/\/ngotronghien.online\/?page_id=18"},"modified":"2023-12-03T17:56:17","modified_gmt":"2023-12-03T22:56:17","slug":"tac-pham-2","status":"publish","type":"page","link":"https:\/\/ngotronghien.online\/index.php\/tac-pham-2\/","title":{"rendered":"T\u00e1c Ph\u1ea9m"},"content":{"rendered":"\n<p>D\u01b0\u1edbi \u0111\u00e2y l\u00e0 n\u0103m cu\u1ed1n s\u00e1ch \u0111\u00e3 \u0111\u01b0\u1ee3c xu\u1ea5t b\u1ea3n ho\u1eb7c t\u00e1i b\u1ea3n c\u1ee7a nh\u00e0 th\u01a1 Ng\u00f4-Tr\u1ecdng-Hi\u1ebfn. Qu\u00fd v\u1ecb c\u00f3 th\u1ec3 \u0111\u1ecdc ch\u00fang tr\u1ef1c ti\u1ebfp qua nh\u1eefng c\u00e1i &#8220;flipbook&#8221; c\u00e0i d\u01b0\u1edbi \u0111\u00e2y, v\u00e0 \u0111\u1eebng qu\u00ean nh\u1ea5n con chu\u1ed9t v\u00e0o c\u00e1i k\u00fd t\u1ef1 &#8220;full screen&#8221; n\u1eb1m \u1edf g\u00f3c d\u01b0\u1edbi t\u1eadn c\u00f9ng b\u00ean ph\u1ea3i, \u0111\u1ec3 coi m\u00e0n \u1ea3nh r\u1ed9ng tho\u1ea3i m\u00e1i h\u01a1n.<\/p>\n\n\n\n<p><\/p>\n\n\n\n<p class=\"has-medium-font-size\"><strong>\u0110\u01b0\u1eddng T\u01a1 Ch\u01b0a D\u1ee9t<\/strong> (k\u00fd s\u1ef1 b\u1eb1ng th\u01a1 theo d\u00f2ng l\u1ecbch s\u1eed), t\u00e1i b\u1ea3n l\u1ea7n th\u1ee9 nh\u1ea5t, th\u00e1ng 11 n\u0103m 2023 do nh\u00e0 xu\u1ea5t b\u1ea3n Nh\u01b0-\u00dd, Toronto, Canada th\u1ef1c hi\u1ec7n.<\/p>\n\n\n\n<p><\/p>\n\n\n\n<figure class=\"wp-block-embed is-type-rich is-provider-issuu wp-block-embed-issuu\"><div class=\"wp-block-embed__wrapper\">\n<div data-url=\"https:\/\/issuu.com\/auvq\/docs\/_ng_t_ch_a_d_t\" style=\"width: 750px; height: 563px;\" class=\"issuuembed\"><\/div><script type=\"text\/javascript\" src=\"\/\/e.issuu.com\/embed.js\" async=\"true\"><\/script>\n<\/div><\/figure>\n\n\n\n<p> <\/p>\n\n\n\n<p><strong>Nh\u1eefng C\u00e2u \u0110\u1ed1 C\u1ed5 Truy\u1ec1n Vi\u1ec7t Nam<\/strong> (G\u1ed3m 361 c\u00e2u \u0111\u1ed1 c\u1ed5 truy\u1ec1n so\u1ea1n theo l\u1ed1i h\u00e1t giao duy\u00ean : k\u1ebb h\u00e1t \u0111\u1ed1, ng\u01b0\u1eddi h\u00e1t gi\u1ea3ng), xu\u1ea5t b\u1ea3n l\u1ea7n th\u1ee9 nh\u1ea5t, th\u00e1ng 11, n\u0103m 2023 do nh\u00e0 xu\u1ea5t b\u1ea3n Nh\u01b0-\u00dd, Toronto, Canada th\u1ef1c hi\u1ec7n.<\/p>\n\n\n\n<figure class=\"wp-block-embed is-type-rich is-provider-issuu wp-block-embed-issuu\"><div class=\"wp-block-embed__wrapper\">\n<div data-url=\"https:\/\/issuu.com\/auvq\/docs\/nh_ng_c_u_c_truy_n_vi_t-nam-press_q_3bd986064dc960\" style=\"width: 750px; height: 485px;\" class=\"issuuembed\"><\/div><script type=\"text\/javascript\" src=\"\/\/e.issuu.com\/embed.js\" async=\"true\"><\/script>\n<\/div><\/figure>\n\n\n\n<p><\/p>\n\n\n\n<p><strong>Ti\u1ebfng H\u00e1t \u0110\u1ed3ng Qu\u00ea t\u1eadp 1<\/strong> (G\u1ed3m 99 b\u00e0i th\u01a1 ph\u1ea7n l\u1edbn gh\u00e9p t\u1eeb nh\u1eefng c\u00e2u ca dao v\u00e0 d\u00e2n ca ch\u1ecdn l\u1ecdc), xu\u1ea5t b\u1ea3n l\u1ea7n th\u1ee9 nh\u1ea5t, th\u00e1ng 9, n\u0103m 1990, do Nh\u00e0 Xu\u1ea5t B\u1ea3n Th\u00e0nh Ph\u1ed1 H\u1ed3 Ch\u00ed Minh, Vi\u1ec7t-Nam, th\u1ef1c hi\u1ec7n.<\/p>\n\n\n\n<figure class=\"wp-block-embed is-type-rich is-provider-issuu wp-block-embed-issuu\"><div class=\"wp-block-embed__wrapper\">\n<div data-url=\"https:\/\/issuu.com\/auvq\/docs\/ti_ng_h_t_ng_qu_2_\" style=\"width: 750px; height: 485px;\" class=\"issuuembed\"><\/div><script type=\"text\/javascript\" src=\"\/\/e.issuu.com\/embed.js\" async=\"true\"><\/script>\n<\/div><\/figure>\n\n\n\n<p><strong>Ti\u1ebfng H\u00e1t \u0110\u1ed3ng Qu\u00ea t\u1eadp 2<\/strong> (T\u1eeb \u0111i\u1ec3n d\u00e2n ca, th\u01a1 Ki\u1ec1u, th\u01a1 Chinh Ph\u1ee5 Ng\u00e2m, th\u01a1 Cung O\u00e1n Ng\u00e2m Kh\u00fac), xu\u1ea5t b\u1ea3n l\u1ea7n th\u1ee9 nh\u1ea5t, th\u00e1ng 3, 1991, do Nh\u00e0 Xu\u1ea5t B\u1ea3n Th\u00e0nh Ph\u1ed1 H\u1ed3 Ch\u00ed Minh, Vi\u1ec7t-Nam, th\u1ef1c hi\u1ec7n.<\/p>\n\n\n\n<figure class=\"wp-block-embed is-type-rich is-provider-issuu wp-block-embed-issuu\"><div class=\"wp-block-embed__wrapper\">\n<div data-url=\"https:\/\/issuu.com\/auvq\/docs\/ca_dao_vi_t_nam_ch_n_l_c_fb1dbcf4ddf95f\" style=\"width: 750px; height: 485px;\" class=\"issuuembed\"><\/div><script type=\"text\/javascript\" src=\"\/\/e.issuu.com\/embed.js\" async=\"true\"><\/script>\n<\/div><\/figure>\n\n\n\n<p><\/p>\n\n\n\n<p><strong>Kinh Thi Vi\u1ec7t Nam t\u1eadp 1<\/strong> (T\u1eeb \u0111i\u1ec3n T\u1ee5c ng\u1eef, Ca dao, D\u00e2n ca, C\u00e2u \u0111\u1ed1 c\u1ed5 truy\u1ec1n t\u1eeb v\u1ea7n A t\u1edbi v\u1ea7n C), xu\u1ea5t b\u1ea3n l\u1ea7n th\u1ee9 nh\u1ea5t, th\u00e1ng 12, n\u0103m 1992, do Nh\u00e0 Xu\u1ea5t B\u1ea3n Th\u00e0nh Ph\u1ed1 H\u1ed3 Ch\u00ed Minh, Vi\u1ec7t Nam, th\u1ef1c hi\u1ec7n.<\/p>\n\n\n\n<figure class=\"wp-block-embed is-type-rich is-provider-issuu wp-block-embed-issuu\"><div class=\"wp-block-embed__wrapper\">\n<div data-url=\"https:\/\/issuu.com\/auvq\/docs\/kinh_thi_vi_t_nam_t_p_1_ab57473ef6c5a0\" style=\"width: 750px; height: 485px;\" class=\"issuuembed\"><\/div><script type=\"text\/javascript\" src=\"\/\/e.issuu.com\/embed.js\" async=\"true\"><\/script>\n<\/div><\/figure>\n\n\n\n<p><\/p>\n\n\n\n<p><\/p>\n","protected":false},"excerpt":{"rendered":"<p>D\u01b0\u1edbi \u0111\u00e2y l\u00e0 n\u0103m cu\u1ed1n s\u00e1ch \u0111\u00e3 \u0111\u01b0\u1ee3c xu\u1ea5t b\u1ea3n ho\u1eb7c t\u00e1i b\u1ea3n c\u1ee7a nh\u00e0 th\u01a1 Ng\u00f4-Tr\u1ecdng-Hi\u1ebfn. Qu\u00fd v\u1ecb c\u00f3 th\u1ec3 \u0111\u1ecdc ch\u00fang tr\u1ef1c ti\u1ebfp qua nh\u1eefng c\u00e1i &#8220;flipbook&#8221; c\u00e0i d\u01b0\u1edbi \u0111\u00e2y, v\u00e0 \u0111\u1eebng qu\u00ean nh\u1ea5n con chu\u1ed9t v\u00e0o c\u00e1i k\u00fd t\u1ef1 &#8220;full screen&#8221; n\u1eb1m \u1edf g\u00f3c d\u01b0\u1edbi t\u1eadn c\u00f9ng [&hellip;]<\/p>\n","protected":false},"author":1,"featured_media":0,"parent":0,"menu_order":0,"comment_status":"closed","ping_status":"closed","template":"","meta":{"om_disable_all_campaigns":false,"_monsterinsights_skip_tracking":false,"_monsterinsights_sitenote_active":false,"_monsterinsights_sitenote_note":"","_monsterinsights_sitenote_category":0,"footnotes":""},"class_list":["post-18","page","type-page","status-publish","hentry"],"aioseo_notices":[],"_links":{"self":[{"href":"https:\/\/ngotronghien.online\/index.php\/wp-json\/wp\/v2\/pages\/18","targetHints":{"allow":["GET"]}}],"collection":[{"href":"https:\/\/ngotronghien.online\/index.php\/wp-json\/wp\/v2\/pages"}],"about":[{"href":"https:\/\/ngotronghien.online\/index.php\/wp-json\/wp\/v2\/types\/page"}],"author":[{"embeddable":true,"href":"https:\/\/ngotronghien.online\/index.php\/wp-json\/wp\/v2\/users\/1"}],"replies":[{"embeddable":true,"href":"https:\/\/ngotronghien.online\/index.php\/wp-json\/wp\/v2\/comments?post=18"}],"version-history":[{"count":17,"href":"https:\/\/ngotronghien.online\/index.php\/wp-json\/wp\/v2\/pages\/18\/revisions"}],"predecessor-version":[{"id":242,"href":"https:\/\/ngotronghien.online\/index.php\/wp-json\/wp\/v2\/pages\/18\/revisions\/242"}],"wp:attachment":[{"href":"https:\/\/ngotronghien.online\/index.php\/wp-json\/wp\/v2\/media?parent=18"}],"curies":[{"name":"wp","href":"https:\/\/api.w.org\/{rel}","templated":true}]}}